x(g) = o*k(g) - 4*z(g). What is x(w)?
6
Let a(r) be the first derivative of r**2/2 - 5*r - 2. Let x be (2/(-10))/((-53)/1855). What is a(x)?
2
Let n(r) = 4*r**3 - 2*r**2 - 5*r - 6. Let c = 293 - 292. Let o(q) = q + 1. Let a(v) = c*n(v) + 5*o(v). Determine a(-2).
-41
Let g = -490 + 493. Let q(l) = -5*l**2 - 2 + 3*l**3 + 3*l + 0*l**2 + 2*l**g - 9*l**3 + 3*l**3. Determine q(-4).
-30
Let t be (-34)/(-10) + 4/(-10). Let y(p) be the second derivative of -2/3*p**3 + 2*p + 2*p**2 + 10. What is y(t)?
-8
Let k(i) = 6 + 246*i + 2 + 33*i**2 - 12*i**2 - 256*i - 20*i**2. Determine k(7).
-13
Let l(v) = -v**2 - 3*v + 2. Let q(r) = 2*r**2 + 6*r - 5. Suppose -3*w + 0 - 21 = 0. Let u(x) = w*l(x) - 3*q(x). Determine u(-3).
1
Let z be (-21)/15 + (-2)/(-5). Let y(p) = 13*p**3 - 105*p**2 - 13*p - 7. Let w(a) = 13*a**3 - 90*a**2 - 11*a - 6. Let o(t) = 7*w(t) - 6*y(t). Determine o(z).
-14
Let i(w) = 334*w**3 - 664*w**3 - 108 - 11*w**2 + 329*w**3 + 10*w**2. Give i(0).
-108
Let a(y) = -y**3 + 8*y**2 - 6*y - 3. Let z be a(7). Suppose 0 = -3*b - 1 + 22. Let h(q) = -q**3 + 3*q**2 - 4*q + 10*q + b - 9. What is h(z)?
6
Let n(v) be the first derivative of 1/2*v**2 - 7*v - 20. What is n(0)?
-7
Suppose s + 14*u - 4 = 11*u, 2*u + 9 = s. Let g(a) = -a**2 + 3*a - 8. Calculate g(s).
-36
Let l(c) be the first derivative of -5*c**2/2 + 23*c + 7781. Determine l(-6).
53
Let h(l) = -15*l**2 + 15*l - 4. Let z(n) = -67*n**2 + 59*n - 19. Let a(g) = -9*h(g) + 2*z(g). Determine a(17).
-2
Let h(m) be the third derivative of m**5/60 - 19*m**4/24 - 21*m**3/2 - 2175*m**2. Calculate h(20).
-43
Let r(y) = -81*y + 31 + 38*y + 167 + 33*y. Let w be r(19). Let c(d) = -d + 1. Calculate c(w).
-7
Let j(r) be the second derivative of -r**5/20 + 5*r**4/4 - 6*r**3 - 5*r**2/2 - 1996*r. Give j(12).
-5
Let k(p) = p**3 - p**2 - p + 1. Let v(o) = 3*o**3 - 14*o**2 - 7*o - 21. Let a be 6/9*30/20. Let u(g) = a*v(g) - 4*k(g). Calculate u(-10).
5
Let m(n) = n**2 - n + 3. Let w be m(1). Let p(v) be the first derivative of w + 4/3*v**3 + 1/4*v**4 + 4*v - 5/2*v**2. Give p(-5).
4
Let q(k) = k - 2. Let d(p) = -p**3 + 4*p**2 - p - 2. Let v be d(3). Let b(t) = -9*t - 5 + 10 + 4 + 2*t. Let i(o) = v*q(o) + b(o). Calculate i(6).
-17
Suppose 0 = 13*b + 7*b - 480. Suppose b*f + 3 = 25*f. Let o(l) be the third derivative of -l**5/60 + l**4/6 + l**3/6 + l**2. Give o(f).
4
Suppose 0 = -8*q + 7*q - 4. Let i = -93 - -101. Let y(p) = -p**2 - 18 - 2*p + 14 + i + 0*p. Determine y(q).
-4
Let k(m) = -m - 8. Let c(h) = 120 + 104 - 243 - 2*h. Let n(l) = 3*c(l) - 7*k(l). Determine n(6).
5
Let g(v) = 1321 - 5*v - 1295 - 3*v**2 + 0*v. What is g(0)?
26
Let i(d) = d**2 - 4*d - 11. Suppose 0 = -k - 40 + 80. Suppose 0 = 117*y - 125*y + k. Calculate i(y).
-6
Let r(j) be the third derivative of j**4/12 + 4*j**2. Let y = 54 - 46. Suppose 8 = -4*b, 3*c - 3*b = -4*b - y. Give r(c).
-4
Suppose -4*s - 40 = -0*s. Let q(h) = -4*h**3 + h**2 + 1. Let k(t) = -35*t**3 + 20*t**2 + 10*t + 14. Let b(m) = -k(m) + 9*q(m). What is b(s)?
-5
Let l(u) = u**3 + 3*u**2 + 4. Suppose 19*h + 9 = 22*h, -4*i - h = -35. Suppose 5*b + 45 = -5*o, i*b - 10*b + 12 = -4*o. Calculate l(b).
-12
Let o(r) = -31*r**2 + 2*r + 22. Let w(v) = -72*v**2 + 5*v + 45. Let t(f) = -7*o(f) + 3*w(f). What is t(4)?
1
Let z(r) = -r**2 + 12*r + 9. Let u(c) = -c**2 + 13*c + 10. Let g(n) = 6*u(n) - 7*z(n). Let w(t) = -2*t**2 + 18938*t - 37870. Let p be w(2). Determine g(p).
13
Let x(r) be the third derivative of -r**6/120 + r**5/6 + 13*r**4/12 - 5*r**3 + 1362*r**2. Determine x(12).
-6
Let r(w) = 13*w**3 - 16*w**2 - 29*w - 40. Let d(s) = 7*s**3 - 8*s**2 - 15*s - 21. Let f be 1*-22*(-22)/(-44). Let u(o) = f*d(o) + 6*r(o). What is u(9)?
-9
Let k(c) = 2*c + 13. Let o(q) = q + 14. Let m(t) = 2*k(t) - 3*o(t). Suppose -3*f - 12 = 0, -3*f = 4*w - 14 + 50. Let x be 0/((-4)/12*w). Give m(x).
-16
Let d = -1234 - -1240. Let n be (-1 + -3)*(-2 + 0). Suppose 6*x - d = n*x. Let q(m) = 7*m. Determine q(x).
-21
Let f(z) = -12*z**3 - 3*z**2 - z + 2. Suppose -3*h = -3*b + 24, -430 = -2*h + 3*b - 453. What is f(h)?
12
Suppose -28*a + 11*a + 153 = 0. Let z(b) be the second derivative of b**4/12 - 3*b**3/2 - 5*b**2/2 - 3*b. Determine z(a).
-5
Let d(g) = -14*g**2 - 16*g**2 - 12*g**2 + 46*g**2 - 3 + 7*g - 2*g**3 + 4. Let y be d(3). Let t(x) = -x**3 + 4*x**2 - 3*x + 3. Give t(y).
-9
Let r(z) = z**2 + 141*z + 2708. Let w be r(-23). Let p(l) = -l**3 - 5*l**2 + 5*l - 19. Give p(w).
-13
Let k(n) = -124 + 18*n + n**2 - 5*n + 174 - 39. Let u be (-7 - 15)/(2 + 0). Determine k(u).
-11
Let h(y) = 2*y - 1092*y**2 + 1099*y**2 + 2 - y**3 - 7 - 2. Suppose m + g = 2*m - 6, 4*m - 5*g = 23. What is h(m)?
7
Let l(k) = 5 + k**2 + 564*k - 591*k + 71. What is l(23)?
-16
Let p(q) = -2*q + 4. Let o(w) = -w + 11. Let d be o(4). Suppose -2*m + d = 3. Suppose -5*s - 4*h = -0*s - 10, -m*s + 4*h + 32 = 0. Give p(s).
-8
Let u = -6434 - -6428. Let a(c) = -2*c**2 - 2*c + 25. What is a(u)?
-35
Suppose -56*h = 29*h + 439 + 326. Let l(g) be the third derivative of -g**6/120 - 2*g**5/15 + 5*g**4/12 + g**3 + 2*g**2. Calculate l(h).
-3
Let g(t) = 6*t + 2. Let c(w) = 3*w + 1. Let m(i) = -7*c(i) + 3*g(i). Suppose -2*r - 5*v - 9 - 4 = 0, r - 5*v - 31 = 0. Calculate m(r).
-19
Let k = -5907 - -5905. Let b(i) = 16*i**2 + 5. What is b(k)?
69
Let h(p) be the second derivative of -4*p**3/3 - 3*p. Suppose -2*i - 9 = -a, -5 - 9 = -a + 3*i. Give h(a).
8
Let g be 213/69 - (-2 + 192/92). Suppose 27 = g*f + 45. Let b(j) = -4 - 3*j + 0 + j. Give b(f).
8
Let z(c) = c**2 + c - 2. Let v = 239 - 235. Suppose 3*i = 4*d + 12, 0 = -v*d - 2*i + 3*i - 12. Determine z(d).
4
Let o(y) be the first derivative of 8*y**3/3 - 2*y**2 + 398. What is o(3)?
60
Let y(l) = 4*l - 3 + 55*l**2 - 95*l**2 + 38*l**2 + 21. What is y(11)?
-180
Suppose -3440 = 52*r - 44*r. Let m = r + 432. Let d(c) = -4*c + 1. What is d(m)?
-7
Let w(b) = -321*b + 312*b - 4 + 1 - 2 + 4. Determine w(-2).
17
Let t(r) be the second derivative of -r**5/20 - 7*r**4/12 - 4*r**3/3 - 3*r**2/2 + 21*r - 77. Let x(g) = -g**2 - 2. Let u be x(2). Calculate t(u).
9
Let s be (-2)/1 + 3 + -1. Suppose 2*i - 5 - 9 = s. Let h(y) be the second derivative of -y**5/20 + 7*y**4/12 - y**3/6 + 11*y. What is h(i)?
-7
Suppose 2*y - 4 = 22*y + 56. Let u(g) = -7*g - 16. What is u(y)?
5
Let c(i) = -14*i**3 - 9*i**2 + 13*i - 11. Let p(z) = 4*z**3 + z**2 - 2*z + 1. Let j(g) = -c(g) - 4*p(g). Determine j(4).
-61
Let o(h) be the second derivative of h**4/12 + h**3 + 142*h. Let t be o(-5). Let p(v) = -v**2 - 5*v - 3. Determine p(t).
-3
Let p(z) = 27*z + 4106. Let b be p(-152). Let o(v) = 2*v + 5 + 2*v - 3*v. Calculate o(b).
7
Let w(c) = -9*c**2 + 11*c + 5. Let h(j) = -65*j**2 - 6*j + 70*j**2 - 3 + 0. Let k = -272 - -275. Let m(z) = k*w(z) + 5*h(z). What is m(2)?
-2
Let o = 165 + -86. Let w(f) = -82 - o + 3*f + 169. Calculate w(-6).
-10
Let h(j) = -j**2 - 16*j - 52. Suppose 4*f + 14*u - 13*u = -39, 3*f - 4*u = -53. Give h(f).
3
Let l(p) = 2*p + 39 + 14 + 64 - 48 + 21. Determine l(-40).
10
Let d(y) be the second derivative of y**5/30 - y**4/8 + 11*y**3/6 - y**2/2 + 108*y. Let o(z) be the second derivative of d(z). What is o(-4)?
-19
Let k = 571 - 552. Suppose -5*d + k = 4*v, -8 = -5*d + 7. Let l(u) be the third derivative of -23*u**5/60 - u**4/24 + u**2. Give l(v).
-24
Let o be (-18 - (2 + -8))*(-15)/12 - 4. Let u(a) = a**2 - 12*a + 6. Calculate u(o).
-5
Suppose 369 = 128*f + 192 - 591. Let b(g) = 6*g - 16. Calculate b(f).
20
Let z(b) = -53*b**2 - 14*b + 86. Let x(c) = -7*c**2 - 2*c + 12. Let i(a) = 15*x(a) - 2*z(a). What is i(2)?
8
Suppose -s - 49 + 57 = 4*t, -5*s - 10 = -5*t. Let m(j) be the first derivative of -1/4*j**4 + 11 + j - 8/3*j**3 + s*j**2. What is m(-8)?
1
Let l(h) be the second derivative of -h**5/20 - 7*h**4/12 - 5*h**3/6 - 4*h**2 - 2*h. Let z = -12704 + 12697. Give l(z).
27
Let p(r) = 13*r**2 - 73*r + 46. Let i be p(5). Let j(n) = -5*n**2 + 17*n + 5. Determine j(i).
-73
Let q(f) = -f + 1. Let l(n) = 4*n - 4. Let p(m) = l(m) + 6*q(m). Let r(b) = -5*b**3 - 2*b**2 - b + 3. Let u be r(-3). Let j = 121 - u. What is p(j)?
6
Let n be (-24)/4 + 4 + (-56)/(-14). Let c(s) = 36 - 3*s - 12*s - 37 - 2*s**n. Give c(-10).
-51
Let x(f) = f + 7. Let z be (13 + -11)*(0 + 0 - -22). Suppose -z = -8*p + 19*p. Determine x(p).
3
Suppose -37 = -4*a + 5*w, 6 = -a + 5